Let w = 38 + 16. Let i = w - 35. What is the remainder when 35 is divided by i?
16
Calculate the remainder when ((-41)/2)/((-1)/4) is divided by 21*(-2 - (-6 + 3)).
19
Suppose 9*i - 101 = -29. Calculate the remainder when 8 is divided by i.
0
Let i(m) = -3*m. What is the remainder when 68 is divided by i(-6)?
14
Calculate the remainder when (1/(-1))/(21/(-399)) is divided by 4.
3
What is the remainder when 36 is divided by (12 - 11)/(1/10)?
6
What is the remainder when 13*1/(-3 + 4) is divided by 7?
6
Let q = -28 - -46. Suppose -4*a + 26 = 3*l - 14, 0 = -3*a + 3*l + 30. What is the remainder when q is divided by a?
8
Let c(b) be the first derivative of b**3/3 + b**2 - b - 4. Let o be c(-3). Suppose -156 = -6*l + o*l. Calculate the remainder when l is divided by 10.
9
Let h(d) = 2*d**2 + 5*d + 6. Let r be h(-4). Suppose -5*n = -5*v - 35, -6*n = -4*n - 4*v - r. What is the remainder when 22 is divided by n?
2
Let x be 3/(-2) + 1/2. Let v = x + 0. Calculate the remainder when 2 is divided by 0 - (-1 - (v + 1)).
0
Suppose -22 = -l + y, -5*y - 8 = 2. Suppose -2*s - 2*s + 152 = 0. Calculate the remainder when s is divided by l.
18
Suppose c = -2*o + o + 65, -4*o + 200 = 3*c. Suppose 5*i = -3*t - 60, -6*t + 3*i - c = -3*t. Let a = 0 - t. Calculate the remainder when a is divided by 7.
6
Let m(x) = 6*x - 3. Let i(l) = -l**2 + 4*l + 1. Let k(u) = u**3 + 3*u**2 - 5*u - 2. Let d be k(-4). Calculate the remainder when m(2) is divided by i(d).
4
Calculate the remainder when (-6)/(-4)*2 + 24 is divided by 10.
7
Let u(f) = 9*f + 3. Suppose 5*h - 30 = 5*q, q - 2 = 2. Calculate the remainder when u(4) is divided by h.
9
Suppose 75 = 9*a - 4*a. Let v(u) = u + 28. Calculate the remainder when v(0) is divided by a.
13
Suppose -7*f - 22 = -5*r - 3*f, -3*r + 24 = 3*f. Let l be (-38)/6 + (-1)/(-3). Let b = l - -10. Calculate the remainder when r is divided by b.
2
Calculate the remainder when (-2)/((-11)/(-66)*(-4)/17) is divided by 18.
15
Let m(j) = -j**3 + 6*j**2 + 4*j + 1. Let a be m(6). Let i = a + -15. What is the remainder when 38 is divided by i?
8
Let n(v) = -9*v - 4. What is the remainder when 42 is divided by n(-3)?
19
Let u(q) = -q**3 - 9*q**2 + 4*q - 7. Let v be u(-11). Let j = v + -90. Calculate the remainder when j is divided by 26.
23
Let n = -289 - -306. Let p = 56 - -10. Calculate the remainder when p is divided by n.
15
Let k = -33 - -55. Let y(a) = 70*a - 6. What is the remainder when y(1) is divided by k?
20
Suppose 3*y - 5 = 4*y. Calculate the remainder when 12 is divided by y/(-3)*(3 - 0).
2
Calculate the remainder when (-3)/2 - 627/(-22) is divided by 10.
7
Let n = 23 - 15. What is the remainder when 54 is divided by n?
6
Suppose 5*m - 2*m + 2*r - 96 = 0, 5*m - 160 = -r. What is the remainder when m is divided by 11?
10
Let z = 54 + -21. Suppose 0 = r + b - z, 5*r = -b - 3*b + 170. What is the remainder when r is divided by 20?
18
Suppose 0 = x - b - 19, -x - 3*b + b = -4. Let z(i) = i**3 + 6*i**2 + i + 6. What is the remainder when z(-5) is divided by x?
12
Let b(y) = 5*y**2 - y + 1. Let v(l) = -1 + 4*l**2 + 2*l - l**2 + 2. Calculate the remainder when v(-2) is divided by b(1).
4
Let r = 2 - -2. Suppose -5*p - 3*j = -27, 4*j + 3 = -3*p + 28. Suppose -p*c + 30 = 2*o, 30 = 3*c + r*o - 6*o. Calculate the remainder when 18 is divided by c.
8
Suppose -2*h - o = -7*h + 169, 4*h - 141 = -5*o. Calculate the remainder when h is divided by 34/3 - 4/(-6).
10
Suppose 0 = -3*m + m - 8. Let z = 1 - m. Suppose 5 = -z*f + 35. What is the remainder when 9 is divided by f?
3
Let f = 59 - 13. What is the remainder when f is divided by 8?
6
Suppose 10 = -3*m + 4*m. Let x = m + -9. Suppose -5*j + 13 = -4*s, 1 = j + 2*s + 4. What is the remainder when x is divided by j?
0
Suppose 3*v = -4*o - 0*o + 201, -2*o = -3*v + 201. Calculate the remainder when v is divided by 34.
33
Let x = 5 + -3. Suppose -f + 18 = 2*f - x*v, -5 = -f + v. Let i(t) = -14*t**3 + 2*t**2 - 1. Calculate the remainder when i(-1) is divided by f.
7
Suppose 1 + 1 = 2*a, 2*y = 2*a - 28. Let h = 26 + y. What is the remainder when h is divided by 7?
6
Let o = -36 + 21. Let k be o/(-10) - (-1)/2. Suppose 3*m = -s - 2, 3*s - 3*m = 8*s - k. What is the remainder when s is divided by 1?
0
Let k = 0 - 2. Let f be -2 + (-2 - k) + 5. Suppose f*x + 68 = 5*x. Calculate the remainder when x is divided by 12.
10
Let h(c) = -c**3 - 2*c**2 + 3*c + 4. Let b be h(-3). Suppose 3*a + 227 = 4*p, 0*p - b*a + 33 = p. What is the remainder when p is divided by 14?
11
Let j = -3 + -1. Let k(l) = l**2 + 4*l + 5. Let p = 5 + 4. What is the remainder when p is divided by k(j)?
4
Let f(u) = 2*u - 6. Let c be f(4). Let v(q) = 2*q**3 - q**2 - 3*q + 3. Calculate the remainder when (4/(-6))/(1/(-24)) is divided by v(c).
7
Suppose 2*d = 2*o - 6*o + 302, 2 = o. What is the remainder when d is divided by 37?
36
Let a(k) = -5*k**3 - 3*k**2 + 2*k - 2. Let z be a(-3). Suppose -3*b = 5*i + 208, 5 = 6*i - i. Let p = z + b. What is the remainder when p is divided by 10?
9
Let q be (9/3 - 4) + 1*-5. Let w(y) = y**3 + 441. Let c be w(0). What is the remainder when 4/q*c/(-6) is divided by 13?
10
Let s = 16 + -10. Suppose -2*k - 44 = -s*k. Let b = k + -8. What is the remainder when b is divided by 3?
0
Suppose -19*y + 45 = -14*y. Calculate the remainder when 16 is divided by y.
7
Suppose 0 = -3*w + 9, 4*m + w - 3*w + 114 = 0. Let x = m + 67. Let t = 0 - -14. What is the remainder when x is divided by t?
12
Suppose -3*z = -56 - 55. Let n(t) = -4*t - 2. What is the remainder when z is divided by n(-3)?
7
Calculate the remainder when 55 is divided by 6/(-14) - (-286)/14.
15
Suppose 2*o - 36 = -o. Calculate the remainder when 64 - 1/(4/o) is divided by 21.
19
Let m be 2*((-194)/(-4) + 3). Let d = m + -53. Calculate the remainder when d is divided by 13.
11
Let c(a) = -2*a**2 - 2*a + 42. Suppose 9 = 4*q - 4*l - 71, q - 2*l - 25 = 0. Calculate the remainder when c(0) is divided by q.
12
Suppose -46 = 5*n + 9. Let b = -9 - n. Let k = 3 + b. What is the remainder when 12 is divided by k?
2
Suppose 0 = 5*z + 22 - 47. Calculate the remainder when z is divided by (-2 - -1)/(1/(-3)).
2
Let m = -33 + 76. Suppose -3*o - 3*q + 110 = 26, 0 = -3*o + 5*q + 44. Calculate the remainder when m is divided by o.
20
Let c(m) = -3*m**2 + 28*m + 3. Calculate the remainder when 69 is divided by c(9).
9
Suppose 0 = 2*g - g + 5*f - 24, -4 = 2*g - 3*f. Suppose -8*c - 20 = -g*c, -59 = -2*k + 5*c. Calculate the remainder when k is divided by 10.
7
Let u be (-6)/(-4) + (-6)/12. Let z = 4 + u. Calculate the remainder when 17 is divided by z.
2
Let p(m) = 3 - 6*m + 1 + 1 + m**2. What is the remainder when 34 is divided by p(7)?
10
Let d = 52 - 33. What is the remainder when 73 is divided by d?
16
Suppose 2*o + 30 = 5*o. What is the remainder when 14 is divided by o?
4
Suppose -z = -g - 11, -4*z + 5*g = 30 - 72. Calculate the remainder when z is divided by 4.
1
Let i = -4 - -26. Calculate the remainder when 42 is divided by i.
20
Let f = 74 + -43. Suppose -j = -2*h + 2*j + 37, 3*h - 18 = -3*j. Calculate the remainder when f is divided by h.
9
Suppose -4*s = 1 - 97. What is the remainder when 95 is divided by s?
23
Suppose 4*x = -3*m + 34, 2*m = -x + 6 + 10. Calculate the remainder when -2*(2 + 26/(-4)) is divided by m.
3
Let m(r) = 3*r**3 - 2*r**2 - r. Let d be m(-1). Let j = d + 10. Calculate the remainder when ((-2)/(-5))/(j/390) is divided by 9.
8
Let y(n) = n**2 + 5*n + 4. Let s be y(-6). Let l = s - 44. Let k = 48 + l. Calculate the remainder when 39 is divided by k.
11
Suppose 0 = -v + 12 + 1. Let r = 11 + -7. Let j(g) = -g**3 + 6*g**2 - 3*g + 4. What is the remainder when j(r) is divided by v?
11
Let i = 208 + -189. What is the remainder when 35 is divided by i?
16
Let a = 11 - 7. Let c = a - 0. Calculate the remainder when 9 is divided by c.
1
Calculate the remainder when 49 is divided by (-3)/(-3) + -2 - -25 - 2.
5
Let u(m) = m**2 + 2*m - 18. What is the remainder when u(-7) is divided by 3?
2
Suppose 2*v = 5 + 3. Suppose 0 = 2*r + v*a + 26, -a - 29 = 5*r - 3*a. Let l = 14 + r. Calculate the remainder when l is divided by 3.
1
What is the remainder when 9/(-15) + (-2769)/(-15) is divided by 31?
29
Let q = 20 - -24. Let s be 76/(-10) - 4/10. What is the remainder 